Suppose 0 = -h + 5*l - 3*l + 119, 235 = 2*h - 3*l. Let o = -110 + h. Suppose f = 4*f + o*g - 633, 2*g - 2 = 0. What is the hundreds digit of f?
2
Suppose 90 = -6*p + 108. What is the units digit of ((-3)/p)/(-5 + (-10284)/(-2058))?
3
Let l = -1953 + 2966. Suppose 189 = v + 4*f, 9*v - l = 4*v - 3*f. What is the hundreds digit of v?
2
Let j be ((-175)/55 - -3) + 2/11. Suppose -21*d + 19*d + 348 = j. What is the hundreds digit of d?
1
Let d(u) = -54*u - 16. Let v(w) = w - 1. Let f(m) = d(m) - 4*v(m). Let q = 96 - 100. What is the hundreds digit of f(q)?
2
Let n(m) = -3*m**3 - 117*m**2 - 212*m - 112. What is the ten thousands digit of n(-43)?
3
Let m(r) = -21*r**3 + 4*r**2 + 16*r + 82. What is the thousands digit of m(-4)?
1
Let c(k) = 3*k**2 - 25*k + 44. Let y(r) = r**2 - 13*r + 23. Let m(j) = 4*c(j) - 7*y(j). What is the tens digit of m(-5)?
8
Suppose -x + 17749 = 4*d, 9*x + 53254 = 12*x + 5*d. What is the ten thousands digit of x?
1
Suppose -175350 = -3*m + 14*y, -5*m + 100*y + 292174 = 102*y. What is the tens digit of m?
3
Let x(b) = -b**3 - 37*b**2 - 59. Let u be x(-36). What is the units digit of ((-12)/(-15))/(1353/u + 1)?
2
Let c = 72 - 45. Let u be (22/110 + (-2)/(-15))*228. Let b = u - c. What is the tens digit of b?
4
Suppose 5*b - 71 = -3*j + 149, -97 = -2*b - 3*j. Suppose 5*w = -5*a + 3*w - 96, 0 = -5*w - 15. Let s = b + a. What is the tens digit of s?
2
Let k = 22208 + 7208. What is the units digit of k?
6
Let d = 64 - 110. Let s = d - -101. What is the units digit of s?
5
Let v(o) = -34*o**3 + 4*o**2 + 4*o + 3. Let d be v(-2). Let k(b) = b**2 + 32*b + 21. Let s be k(-24). Let y = d + s. What is the hundreds digit of y?
1
Suppose -261 = -26*y + 15521. What is the hundreds digit of y?
6
What is the thousands digit of (-1)/(-2) + 18477/2?
9
Suppose -6*j = -4*j - n - 14, 2*j - 2 = -5*n. What is the hundreds digit of (8/j)/(9383/(-3135) + 3)?
1
Let s(c) = -c + 2. Let i(o) = o**3 - 5*o**2 + 4*o + 74. Let l(y) = i(y) - 6*s(y). What is the hundreds digit of l(11)?
8
Suppose 1 + 27 = -2*c. Let r(z) = 2*z**2 - 23*z - 5. What is the tens digit of r(c)?
0
Let l(u) = u**3 - 7*u**2 + u + 11. Let z be l(7). Let t = 142 - z. What is the tens digit of t?
2
Let y be 1/(152/352 - 4/22). Suppose -y*d + k = -807, 0*d = 4*d - 2*k - 802. What is the hundreds digit of d?
2
Suppose 146427 + 106671 = 43*s. What is the hundreds digit of s?
8
Let b = 181 + 4961. What is the units digit of b?
2
Suppose -5*p + 6 = -24. Suppose 0 = 5*b - 10, -2*b + 38 = n - p*b. What is the tens digit of n?
4
Suppose 3*c = 3*y - 2*c + 35, 4*y + c + 85 = 0. What is the tens digit of 15/y - 3436/(-16)?
1
Let v(x) = 13*x**2 - 9*x + 4. Let u be v(5). Suppose u + 184 = 4*p. What is the tens digit of p?
1
Let f be (-252)/(-140) - (-2)/10. Suppose -r = j - 84, f*j + 2*j - 5*r = 372. What is the units digit of j?
8
Let h be (-62)/(-14) - 42/98. Suppose 4*o - 2*x + x + 130 = 0, -2*x = h. Let s = -22 - o. What is the units digit of s?
1
Suppose 3*q - 26*z - 7059 = -28*z, -3*z = 2*q - 4711. What is the thousands digit of q?
2
Let c = 3288 - 1948. Suppose -d = -v + 3*v - 675, -4*d = 4*v - c. What is the hundreds digit of v?
3
Suppose 0 = -5*w + 5*a + 24945, 17*a = 12*a + 10. What is the hundreds digit of w?
9
Let c(f) = f**3 + 4 + 1 - 2 + 1 + 10*f**2 - 10*f. What is the units digit of c(-9)?
5
What is the units digit of (1 - 9/(-12))/(249/201192)?
4
Let g(s) = s**3 - 6*s**2 + 3*s - 9. Let j(p) = -4*p**3 + 2*p**2 + 5*p + 3. Let z be j(-2). Let r = 40 - z. What is the tens digit of g(r)?
6
Let v(f) = 3265*f + 809. What is the units digit of v(3)?
4
Let z(k) = 810*k + 584. What is the thousands digit of z(10)?
8
Suppose -4*a - 4174 = -20830. Suppose 2*u - 2504 = -3*l, 5*l - 2*u + 3*u - a = 0. Suppose 0 = 2*i, 0 = 4*b - 10*i + 7*i - l. What is the hundreds digit of b?
2
Let d be (3/(-2))/(84/(-448)). Suppose d*s - 5947 = 2445. What is the tens digit of s?
4
Let k be ((-3)/(6/8))/((-30)/105). Suppose 284 = -k*v + 16*v. What is the units digit of v?
2
Let l = 51236 - 32421. What is the ten thousands digit of l?
1
Suppose -z - 17 = -4*f, 7*z - 6*z - 8 = -f. Suppose 0 = f*a - q - 2508 + 490, 3*q = 6. What is the hundreds digit of a?
4
Suppose 0 = 5*c - 4078 - 752. Suppose o = -6*o + c. Let s = o - 90. What is the units digit of s?
8
Let s(p) = -2*p + 1. Let l(g) be the third derivative of 59*g**4/24 + 2*g**3 - 35*g**2. Let f(a) = -l(a) - 3*s(a). What is the units digit of f(-3)?
4
Suppose 0 = 143*c - 2899 + 11418 + 4065. Let o be (4 - 1 - 2) + 171. Let g = o + c. What is the tens digit of g?
8
Suppose -3*v + 2*k = -29604, -4*v - 5*k = -0*k - 39426. What is the units digit of v?
4
Suppose 0 = -8*r + 40 - 32. Let w(l) = -r - 88*l + 0 + 3 + 43*l. What is the hundreds digit of w(-6)?
2
Let p be (-89)/(-13) + 4/26. Suppose 5*n + 5*v = 795, 2*n - p*n - 4*v = -797. What is the units digit of n?
1
Let k(a) = a**3 - 4*a + 2. Let r be k(0). Let p(j) = 2*j - 3 + r*j**2 - 3*j - 4 + 2*j. What is the units digit of p(-8)?
3
Let o(i) = -38*i + 192. Let v be o(5). Suppose -v*b - 4*k + 910 = 0, -3*k = 4*b - 6*k - 1787. What is the tens digit of b?
4
Suppose -4*y + 8300 = -4*s, -6*s = -4*y - 5*s + 8312. Suppose 0 = -0*a + 4*a - u - y, 1578 = 3*a + 3*u. What is the tens digit of a?
2
Let n = -165 + 10. Let j(m) = -55*m - 581. Let d be j(-9). Let x = d - n. What is the units digit of x?
9
Let k(u) = 3*u + 12. Let t be k(-3). Let l be 2 + -2 + 3/3. Suppose t*v - 2*h + 2 = l, -14 = -4*v - 5*h. What is the units digit of v?
1
Let z(t) = -136*t + 14*t + 105*t - 327*t + 5. What is the tens digit of z(-2)?
9
Let n(y) = 4*y**3 - 9*y**2 + 36*y + 6. Suppose 0 = 2*w - 21*i + 17*i - 20, -4*i - 8 = 0. What is the hundreds digit of n(w)?
7
Let u(o) = 16*o - 56*o + 5*o - 661*o - 97*o - 11. What is the units digit of u(-1)?
2
Let z(w) = -82*w + 91. Let d be ((-18)/(-6))/((-4)/28). What is the thousands digit of z(d)?
1
Let n(p) = 40*p**3 - 13*p**2 - 2*p - 41*p**3 + 4 - 3*p + 1. What is the hundreds digit of n(-17)?
2
Let v(i) = i + 10. Let a be v(-6). Suppose -a*f + 8*f - 476 = -2*u, -u - 4*f = -246. What is the hundreds digit of u?
2
Let u = 23 - 19. Let p be (u - 0)/(-4) - -371. Let y = p - 255. What is the units digit of y?
5
Let z(s) = 4*s - 40*s**2 + 165*s**2 + 79 - 83. What is the hundreds digit of z(-2)?
4
Let j(r) = -23*r**3 + 11*r**2 - 32*r - 143. What is the thousands digit of j(-9)?
7
Let s be 1 + 468/(-182)*7/(-3). Let k(b) = -6 + 7*b**2 + 2*b**3 + 3*b + 4*b**2 - 3*b**3. What is the units digit of k(s)?
1
Let f be (-1188)/8*(94/(-6) - -1). What is the tens digit of f/8*80/60?
6
Suppose -5*a - 10 = -2*n, -2*n - n + 2 = -a. What is the tens digit of a/(-6) - 43027/(-51)?
4
Suppose -q + 2116 = 5*z - 2*q, 0 = 3*q - 12. Let l = z - 293. What is the hundreds digit of l?
1
Suppose 166*m - 173170 = -4*w + 165*m, -2*w - 5*m = -86594. What is the hundreds digit of w?
2
Let w(o) = 24*o**2 - 4*o - 283. What is the thousands digit of w(18)?
7
Suppose -b = -0*x - x + 1, -2*b = 4*x + 20. What is the thousands digit of 1*(x + -1 + 1693) - -1?
1
Let h(k) = k**3 - 18*k**2 + 19*k - 24. Let b be h(17). Suppose 0 = -b*x + 252 + 3598. What is the hundreds digit of x?
3
Let a(u) = -98*u**3 - 5*u**2 + 3*u + 4. Let g be a(2). Let q = g - -1554. What is the tens digit of q?
6
Let i = -115411 - -199399. What is the tens digit of i?
8
Let r = -8965 - -15780. What is the units digit of r?
5
Let z be 3/(-8) + (-105)/40. What is the tens digit of -4*860/(-64) - z/(-4)?
5
Let r = 46 - 160. Let u(j) = j**3 - 11*j**2 + 12*j - 6. Let b be u(8). Let c = b - r. What is the tens digit of c?
1
Suppose -54*l = -31*l + 15*l - 2996186. What is the thousands digit of l?
8
Let z(u) = 16950*u + 321. What is the thousands digit of z(1)?
7
Let n(q) = 47*q + 57. Let y(c) = -24*c - 29. Let g(w) = -4*n(w) - 9*y(w). What is the hundreds digit of g(10)?
3
What is the hundreds digit of -6 - 4*(-55)/35 - 24645/(-7)?
5
What is the thousands digit of -3 + (-62)/(-22) - 11946090/(-858)?
3
Let p(l) = -l**2 + 21*l + 36. Suppose -4*o = -2*t + 24, 4*t - 4*o - 103 = -7*o. Let q be p(t). Suppose q*z = 17*z - 273. What is the units digit of z?
1
Let x(m) = 1 + 0 - 6 - 51*m - 3 + 4. Suppose 0 = -4*z - 0 - 4. What is the tens digit of x(z)?
4
What is the ten thousands digit of (-9)